*l + 4 = 0. Let k be (l/(-3) + 3)*6. Calculate the greatest common divisor of k and a.
2
Let b(m) = -5*m + 7. Let n be b(-7). Suppose 3*x - n = x. What is the highest common factor of 21 and x?
21
Let f = -29 + 45. Calculate the greatest common divisor of 64 and f.
16
Suppose 3*m + 2*j + 3*j = 280, 5*j = -m + 100. Calculate the highest common factor of 30 and m.
30
Let w be (-2)/(-6) + (-22)/(-6). Let a(t) = 2*t - 4. Let b be a(6). Suppose -3*o + b = -o. What is the highest common factor of o and w?
4
Let i be (-83)/3 - 2/6. Let m = -14 - i. Calculate the highest common divisor of m and 2.
2
Let l = 189 - 93. Let j(i) = i - 1. Let g(p) = 5*p - 1. Let z(y) = -g(y) + 3*j(y). Let m be z(-7). Calculate the highest common divisor of l and m.
12
Let z(g) = -g**2 - 18*g + 4. Let y be z(-18). Suppose -2*w - 3 = y*d - 13, 3*w - 12 = -3*d. What is the highest common factor of 2 and w?
1
Let a(j) = -5*j - 11. Let u be a(-5). What is the greatest common divisor of u and 7?
7
Let s be (2 + 2)*1*2. Calculate the greatest common factor of s and 24.
8
Let u be ((-8)/(-3))/((-3)/(-54)). Let t = -123 + 129. Calculate the greatest common divisor of u and t.
6
Let o = -8 + 19. Suppose 5*w + 0*b - b = -26, -b = -w - 2. Let n be (242/w)/(2/(-6)). Calculate the greatest common divisor of o and n.
11
Let n be -2 - -2 - 4/((-8)/22). Suppose 3*w = -w + 88. What is the highest common divisor of n and w?
11
Let r be (-5)/(30/4) + (-20)/(-3). Let f = -2 + 14. What is the greatest common factor of f and r?
6
Let a(r) = 29*r**2 + r - 1. Let h be a(1). Let w(i) = i**2 + 10*i + 3. Let t be w(-7). Let b = t + h. What is the highest common divisor of b and 55?
11
Suppose 242 = -0*y + 2*y. What is the greatest common factor of 11 and y?
11
Suppose -3*j + 4*v + 344 = 2*j, -200 = -3*j - 4*v. Calculate the greatest common divisor of 102 and j.
34
Suppose -952 = -4*w + w - 4*f, 10 = -2*f. Calculate the greatest common factor of w and 36.
36
Let g = -8 - -36. What is the greatest common divisor of 196 and g?
28
Let a be (14/(-3))/((-718)/102 + 7). What is the highest common factor of 7 and a?
7
Suppose 3*f + 3*z = 207, -2*f - 4*z + 153 = 5. What is the highest common divisor of f and 8?
8
Suppose 4*j + 46 = 3*s - s, s - 19 = 4*j. Calculate the greatest common factor of 3 and s.
3
Suppose j - 1 = 3. Suppose -u + 2*u = j. What is the greatest common factor of 12 and u?
4
Let z = -30 + 13. Let f = -36 - z. Let r be (f/3)/((-4)/36). What is the greatest common divisor of r and 19?
19
Suppose 5 = 2*o + 4*n - 3, 0 = 3*o + n - 2. Let z(g) = g**3 - g**2 + g + 9. Let j be z(o). Calculate the greatest common divisor of 9 and j.
9
Let q(k) = -k**3 + k + 54. Let r be q(0). Let b(c) = c**3 - 8*c**2 - 15*c - 14. Let y be b(10). Calculate the greatest common factor of y and r.
18
Let b(w) = 0 + 59*w + 4 - 2. Let j be b(2). Suppose 3*v - 8*v = -j. What is the greatest common factor of 6 and v?
6
Suppose 5*h = 4*h + 12. Let l = -2 + h. Suppose -2*d + 36 = 2*u + 2*d, 4*u = 3*d + 28. What is the highest common divisor of l and u?
10
Suppose 2*u = -2*u - y + 176, 0 = -3*y - 12. What is the greatest common divisor of u and 105?
15
Let g be (91/(-5))/((-2)/10). Let x = 26 - 13. Calculate the highest common factor of x and g.
13
Let y(r) = 13*r + 3. Let k(o) = 26*o + 5. Let v(l) = -6*k(l) + 11*y(l). Let n be v(-3). Let x = 40 + -26. Calculate the highest common factor of n and x.
14
Let p(u) = 4*u - 2. Let v be p(4). Let n = -46 - -144. Calculate the greatest common divisor of v and n.
14
Let t(x) = -x**2 + 10*x + 4. Let s be t(10). Let o = 3 + -2. Calculate the highest common divisor of o and s.
1
Let c = -10 + 16. What is the highest common factor of 54 and c?
6
Let f(s) = -11*s. Let c be f(3). Let x be 13/11 - (-6)/c. Calculate the greatest common divisor of 3 and x.
1
Let u = 514 - 4. Let a be u/8 - 9/(-36). Calculate the highest common factor of 8 and a.
8
Let w(u) = 5*u**2 - 12*u + 10. Let a be w(-5). Calculate the greatest common divisor of 15 and a.
15
Let z = -9 + 17. Let x(q) = 4*q - 12. Let g be x(z). Let f be 16/(-2)*(-4)/8. What is the greatest common divisor of f and g?
4
Suppose 60 = -n + 4*n. Suppose -14 = -4*y - 54. Let v = n + y. What is the greatest common divisor of 10 and v?
10
Let p(l) = l**2 - 14*l - 6. Let z be p(15). What is the highest common factor of 27 and z?
9
Suppose -2*i + 12 = -5*i. Let m(d) = -d + 4. Let q(a) = -5. Let t(w) = 5*m(w) + 4*q(w). Let h be t(i). What is the highest common factor of h and 220?
20
Suppose -4*p - 12 + 92 = 0. Let d = 27 - p. Let t = 62 + -34. What is the highest common factor of t and d?
7
Let f be (7/2 - (-9)/18) + -1. Calculate the highest common divisor of f and 15.
3
Let s be (-92)/(-28) + (-2)/7. Let p = s + -1. What is the highest common divisor of p and 3?
1
Let m(q) = 3*q**2 + 3*q - 4. Let a be m(-3). Calculate the highest common divisor of 126 and a.
14
Let f be (1 - -1)*9/(-18). Let n be (-860)/(-24) + f/(-6). What is the greatest common factor of 12 and n?
12
Suppose 3*i = -0*i + 3. What is the greatest common divisor of i and 7?
1
Let z(v) = -2*v**3 + v**2 - v + 1. Let q be z(1). Let k be (q - -4)/((-6)/(-20)). Calculate the greatest common divisor of k and 110.
10
Suppose 20*h - 8*h = 480. Calculate the highest common divisor of 16 and h.
8
Suppose -252 = 2*x - 5*x. Let i be ((-45)/(-6))/((-1)/4). Let b = i - -42. What is the highest common factor of x and b?
12
Suppose 5*g - 45 - 15 = 0. Suppose 0 = 3*u + 4*s - 20, 3*s - 4 = -u - s. Calculate the greatest common divisor of g and u.
4
Let n be (-3)/4*-2*2. Let y be n - (-3 + 4/(-1)). Let j be (-8)/20 - (-27)/5. What is the greatest common divisor of y and j?
5
Let h = -8 + 39. Calculate the greatest common divisor of 124 and h.
31
Suppose -3*g - 22 + 94 = 0. Suppose -4*o + 76 + 68 = 0. Calculate the highest common divisor of g and o.
12
Let a = 7 - -4. Suppose 2*f + 5*j = -9 - 3, 0 = -5*f - j - 7. Let o = a + f. What is the greatest common divisor of o and 40?
10
Let h(t) = -20*t. Let b be h(-1). Calculate the greatest common factor of b and 10.
10
Suppose 3*r = 3*m - m + 155, -3*r = 5*m - 148. Calculate the highest common factor of 34 and r.
17
Suppose 8*r - 3*r - 135 = 3*i, 3*r = -4*i - 180. Let u be 4/(-5) - 576/i. What is the highest common divisor of 48 and u?
12
Suppose 0 = -l + 19 + 13. What is the greatest common divisor of l and 64?
32
Suppose x = -0*o + 4*o - 63, 5*o - 3*x = 84. Calculate the greatest common factor of o and 45.
15
Let w(p) = 2*p + 33. Let z be w(-16). Calculate the greatest common divisor of z and 9.
1
Let t(q) = -q**3 - 9*q**2 - 7*q - 3. Let n be t(-9). Calculate the highest common factor of 5 and n.
5
Suppose 0 = 5*i - 13 + 118. Let t be (4 - 9)*i/15. Calculate the greatest common factor of 28 and t.
7
Let c(l) = 2*l**2 + 10*l + 8. Let b(k) = 3*k + 9. Let o be b(-5). Let u be c(o). What is the highest common factor of 50 and u?
10
Let t = 3 - 12. Let r be (6/9)/((-3)/t). What is the greatest common divisor of r and 4?
2
Suppose 0 = -8*z + 9*z - 10. Calculate the greatest common factor of z and 5.
5
Let o be 48/(-14) - (-9)/21. Let w be (0 + o)/3 - -33. What is the highest common divisor of w and 16?
16
Let s be 12/(-10)*15/(-6). Suppose -5*j + 73 = -47. Let w be j/2 - s/3. Calculate the greatest common factor of 55 and w.
11
Suppose 3*u = -2*u - y + 125, -2*u - 2*y = -58. Calculate the highest common factor of 312 and u.
24
Let p(n) = -n**3 - n**2 + 13*n + 6. Let g be p(-6). What is the greatest common factor of 12 and g?
12
Let u be -3 - (0 + 0/(-1)). Let s be 112/u*3/(-2). Calculate the greatest common divisor of s and 8.
8
Suppose 4*s - 4*q - 19 - 29 = 0, 0 = s - 4*q - 15. What is the highest common divisor of s and 121?
11
Let n = -1 + 29. Calculate the highest common divisor of n and 196.
28
Let z(h) = 4*h**2 - 2*h + 1. Let y be z(1). Let o be (3 - (2 + y)) + 47. What is the greatest common divisor of 9 and o?
9
Let l = -24 - -84. Let c be 124/(-5) - 4/(-5). Let p be (-1)/((-2)/c*-1). Calculate the greatest common factor of p and l.
12
Suppose d + 86 = 3*d - 3*t, -d + 54 = 4*t. Let j = 176 - 84. Suppose 6*h - j = 2*h. Calculate the greatest common factor of d and h.
23
Let q(m) = m**3 - 6*m**2 + 2*m + 3. Let u be q(6). What is the greatest common